{"id":107,"date":"2017-06-23T12:03:58","date_gmt":"2017-06-23T12:03:58","guid":{"rendered":"http:\/\/inspirythemesdemo.com\/realplaces\/?page_id=107"},"modified":"2025-10-05T22:34:09","modified_gmt":"2025-10-05T20:34:09","slug":"actualites","status":"publish","type":"page","link":"https:\/\/www.immoachat.be\/?page_id=107","title":{"rendered":"Actualit\u00e9s"},"content":{"rendered":"\n<figure class=\"wp-block-embed is-type-wp-embed is-provider-la-solution-immobiliere wp-block-embed-la-solution-immobiliere\"><div class=\"wp-block-embed__wrapper\">\n<blockquote class=\"wp-embedded-content\" data-secret=\"7sETNLpXQM\"><a href=\"https:\/\/www.immoachat.be\/tendance-immobilier\/\">\ud83c\udfe1 Le march\u00e9 immobilier en Belgique en 2025 : \u00e9tat des lieux, tendances &amp; conseils<\/a><\/blockquote><iframe class=\"wp-embedded-content\" sandbox=\"allow-scripts\" security=\"restricted\" style=\"position: absolute; visibility: hidden;\" title=\"\u00ab\u00a0\ud83c\udfe1 Le march\u00e9 immobilier en Belgique en 2025 : \u00e9tat des lieux, tendances &amp; conseils\u00a0\u00bb &#8212; La solution immobiliere\" src=\"https:\/\/www.immoachat.be\/tendance-immobilier\/embed\/#?secret=oWMUTjTKy6#?secret=7sETNLpXQM\" data-secret=\"7sETNLpXQM\" width=\"600\" height=\"338\" frameborder=\"0\" marginwidth=\"0\" marginheight=\"0\" scrolling=\"no\"><\/iframe>\n<\/div><\/figure>\n\n\n\n<figure class=\"wp-block-embed is-type-wp-embed is-provider-la-solution-immobiliere wp-block-embed-la-solution-immobiliere\"><div class=\"wp-block-embed__wrapper\">\n<blockquote class=\"wp-embedded-content\" data-secret=\"OLofIBrMQ5\"><a href=\"https:\/\/www.immoachat.be\/confort-immobilier\/\">\ud83c\udfe1 Optimiser le confort de sa maison : les cl\u00e9s d\u2019un bien-\u00eatre durable<\/a><\/blockquote><iframe class=\"wp-embedded-content\" sandbox=\"allow-scripts\" security=\"restricted\" style=\"position: absolute; visibility: hidden;\" title=\"\u00ab\u00a0\ud83c\udfe1 Optimiser le confort de sa maison : les cl\u00e9s d\u2019un bien-\u00eatre durable\u00a0\u00bb &#8212; La solution immobiliere\" src=\"https:\/\/www.immoachat.be\/confort-immobilier\/embed\/#?secret=7BuLtZS5iK#?secret=OLofIBrMQ5\" data-secret=\"OLofIBrMQ5\" width=\"600\" height=\"338\" frameborder=\"0\" marginwidth=\"0\" marginheight=\"0\" scrolling=\"no\"><\/iframe>\n<\/div><\/figure>\n\n\n\n<figure class=\"wp-block-embed is-type-wp-embed is-provider-la-solution-immobiliere wp-block-embed-la-solution-immobiliere\"><div class=\"wp-block-embed__wrapper\">\n<blockquote class=\"wp-embedded-content\" data-secret=\"or3BwR3RYf\"><a href=\"https:\/\/www.immoachat.be\/investissement-etranger\/\">\ud83c\udf0d Investir \u00e0 l\u2019\u00e9tranger : une opportunit\u00e9 strat\u00e9gique pour diversifier son patrimoine<\/a><\/blockquote><iframe class=\"wp-embedded-content\" sandbox=\"allow-scripts\" security=\"restricted\" style=\"position: absolute; visibility: hidden;\" title=\"\u00ab\u00a0\ud83c\udf0d Investir \u00e0 l\u2019\u00e9tranger : une opportunit\u00e9 strat\u00e9gique pour diversifier son patrimoine\u00a0\u00bb &#8212; La solution immobiliere\" src=\"https:\/\/www.immoachat.be\/investissement-etranger\/embed\/#?secret=mzuqvIPdhp#?secret=or3BwR3RYf\" data-secret=\"or3BwR3RYf\" width=\"600\" height=\"338\" frameborder=\"0\" marginwidth=\"0\" marginheight=\"0\" scrolling=\"no\"><\/iframe>\n<\/div><\/figure>\n","protected":false},"excerpt":{"rendered":"","protected":false},"author":1,"featured_media":0,"parent":0,"menu_order":0,"comment_status":"open","ping_status":"closed","template":"","meta":{"_acf_changed":false,"footnotes":""},"class_list":["post-107","page","type-page","status-publish","hentry"],"acf":[],"_links":{"self":[{"href":"https:\/\/www.immoachat.be\/index.php?rest_route=\/wp\/v2\/pages\/107","targetHints":{"allow":["GET"]}}],"collection":[{"href":"https:\/\/www.immoachat.be\/index.php?rest_route=\/wp\/v2\/pages"}],"about":[{"href":"https:\/\/www.immoachat.be\/index.php?rest_route=\/wp\/v2\/types\/page"}],"author":[{"embeddable":true,"href":"https:\/\/www.immoachat.be\/index.php?rest_route=\/wp\/v2\/users\/1"}],"replies":[{"embeddable":true,"href":"https:\/\/www.immoachat.be\/index.php?rest_route=%2Fwp%2Fv2%2Fcomments&post=107"}],"version-history":[{"count":2,"href":"https:\/\/www.immoachat.be\/index.php?rest_route=\/wp\/v2\/pages\/107\/revisions"}],"predecessor-version":[{"id":5391,"href":"https:\/\/www.immoachat.be\/index.php?rest_route=\/wp\/v2\/pages\/107\/revisions\/5391"}],"wp:attachment":[{"href":"https:\/\/www.immoachat.be\/index.php?rest_route=%2Fwp%2Fv2%2Fmedia&parent=107"}],"curies":[{"name":"wp","href":"https:\/\/api.w.org\/{rel}","templated":true}]}}